{"id":2292,"date":"2023-10-28T23:16:36","date_gmt":"2023-10-28T21:16:36","guid":{"rendered":"https:\/\/herojimostara.ba\/?page_id=2292"},"modified":"2023-10-29T00:03:07","modified_gmt":"2023-10-28T22:03:07","slug":"elementor-2292","status":"publish","type":"page","link":"https:\/\/herojimostara.ba\/?page_id=2292","title":{"rendered":"Fotogalerije"},"content":{"rendered":"\t\t<div data-elementor-type=\"wp-page\" data-elementor-id=\"2292\" class=\"elementor elementor-2292\" data-elementor-settings=\"{&quot;ha_cmc_init_switcher&quot;:&quot;no&quot;}\">\n\t\t\t\t\t\t<section class=\"elementor-section elementor-top-section elementor-element elementor-element-5fb2810 elementor-section-boxed elementor-section-height-default elementor-section-height-default wpr-particle-no wpr-jarallax-no wpr-parallax-no wpr-sticky-section-no wpr-equal-height-no\" data-id=\"5fb2810\" data-element_type=\"section\" data-e-type=\"section\" data-settings=\"{&quot;_ha_eqh_enable&quot;:false}\">\n\t\t\t\t\t\t<div class=\"elementor-container elementor-column-gap-default\">\n\t\t\t\t\t<div class=\"elementor-column elementor-col-100 elementor-top-column elementor-element elementor-element-308efaf\" data-id=\"308efaf\" data-element_type=\"column\" data-e-type=\"column\">\n\t\t\t<div class=\"elementor-widget-wrap elementor-element-populated\">\n\t\t\t\t\t\t<div class=\"elementor-element elementor-element-a9f2a86 wpr-grid-columns-3 wpr-grid-columns--tablet2 wpr-grid-columns--mobile1 wpr-item-styles-inner elementor-widget elementor-widget-wpr-grid\" data-id=\"a9f2a86\" data-element_type=\"widget\" data-e-type=\"widget\" data-widget_type=\"wpr-grid.default\">\n\t\t\t\t<div class=\"elementor-widget-container\">\n\t\t\t\t\t<ul class=\"wpr-grid-filters elementor-clearfix wpr-grid-filters-sep-right\"><li class=\" wpr-pointer-none wpr-pointer-line-fx wpr-pointer-fx-none\"><span  data-filter=\"*\" class=\"wpr-grid-filters-item wpr-active-filter \">All Posts<\/span><em class=\"wpr-grid-filters-sep\"><\/em><\/li><li class=\" wpr-pointer-none wpr-pointer-line-fx wpr-pointer-fx-none\"><span   data-ajax-filter=[\"category\",\"fotogalerija\"]  data-filter=\".category-fotogalerija\">Fotogalerija<\/span><em class=\"wpr-grid-filters-sep\"><\/em><\/li><\/ul><section class=\"wpr-grid elementor-clearfix\" data-settings=\"{&quot;layout&quot;:&quot;fitRows&quot;,&quot;stick_last_element_to_bottom&quot;:&quot;&quot;,&quot;columns_desktop&quot;:3,&quot;gutter_hr&quot;:15,&quot;gutter_hr_mobile&quot;:15,&quot;gutter_hr_mobile_extra&quot;:15,&quot;gutter_hr_tablet&quot;:15,&quot;gutter_hr_tablet_extra&quot;:15,&quot;gutter_hr_laptop&quot;:15,&quot;gutter_hr_widescreen&quot;:15,&quot;gutter_vr&quot;:15,&quot;gutter_vr_mobile&quot;:&quot;&quot;,&quot;gutter_vr_mobile_extra&quot;:&quot;&quot;,&quot;gutter_vr_tablet&quot;:&quot;&quot;,&quot;gutter_vr_tablet_extra&quot;:15,&quot;gutter_vr_laptop&quot;:15,&quot;gutter_vr_widescreen&quot;:15,&quot;animation&quot;:&quot;zoom&quot;,&quot;animation_duration&quot;:0.299999999999999988897769753748434595763683319091796875,&quot;animation_delay&quot;:0.1000000000000000055511151231257827021181583404541015625,&quot;deeplinking&quot;:&quot;&quot;,&quot;filters_linkable&quot;:&quot;no&quot;,&quot;filters_default_filter&quot;:&quot;&quot;,&quot;filters_count&quot;:&quot;&quot;,&quot;filters_hide_empty&quot;:&quot;no&quot;,&quot;filters_animation&quot;:&quot;default&quot;,&quot;filters_animation_duration&quot;:0.299999999999999988897769753748434595763683319091796875,&quot;filters_animation_delay&quot;:0.1000000000000000055511151231257827021181583404541015625,&quot;pagination_type&quot;:&quot;load-more&quot;,&quot;pagination_max_pages&quot;:1,&quot;lightbox&quot;:{&quot;selector&quot;:&quot;.wpr-grid-image-wrap&quot;,&quot;iframeMaxWidth&quot;:&quot;60%&quot;,&quot;hash&quot;:false,&quot;autoplay&quot;:&quot;true&quot;,&quot;pause&quot;:5000,&quot;progressBar&quot;:&quot;true&quot;,&quot;counter&quot;:&quot;true&quot;,&quot;controls&quot;:&quot;true&quot;,&quot;getCaptionFromTitleOrAlt&quot;:&quot;true&quot;,&quot;thumbnail&quot;:&quot;&quot;,&quot;showThumbByDefault&quot;:&quot;&quot;,&quot;share&quot;:&quot;&quot;,&quot;zoom&quot;:&quot;true&quot;,&quot;fullScreen&quot;:&quot;true&quot;,&quot;download&quot;:&quot;true&quot;}}\" data-advanced-filters=\"no\"><article class=\"wpr-grid-item elementor-clearfix post-3425 post type-post status-publish format-standard has-post-thumbnail hentry category-fotogalerija\"><div class=\"wpr-grid-item-inner\"><div class=\"wpr-grid-media-wrap wpr-effect-size-medium \" data-overlay-link=\"yes\"><div class=\"wpr-grid-image-wrap\" data-src=\"https:\/\/herojimostara.ba\/wp-content\/uploads\/2024\/12\/naslov-pravda-mostar.jpg\" data-img-on-hover=\"\"  data-src-secondary=\"\"><img decoding=\"async\" data-no-lazy=\"1\" src=\"https:\/\/herojimostara.ba\/wp-content\/uploads\/2024\/12\/naslov-pravda-mostar.jpg\" alt=\"&#8220;Pravda&#8221; do\u0161la i u Mostar\" class=\"wpr-anim-timing-ease-default\"><\/div><div class=\"wpr-grid-media-hover wpr-animation-wrap\"><div class=\"wpr-grid-media-hover-bg  wpr-overlay-fade-in wpr-anim-size-large wpr-anim-timing-ease-default wpr-anim-transparency\" data-url=\"https:\/\/herojimostara.ba\/?p=3425\"><\/div><\/div><\/div><div class=\"wpr-grid-item-below-content elementor-clearfix\"><h2 class=\"wpr-grid-item-title elementor-repeater-item-f9f59e5 wpr-grid-item-display-block wpr-grid-item-align-left wpr-pointer-none wpr-pointer-line-fx wpr-pointer-fx-fade\"><div class=\"inner-block\"><a target=\"_self\"  href=\"https:\/\/herojimostara.ba\/?p=3425\">&#8220;Pravda&#8221; do\u0161la i u Mostar<\/a><\/div><\/h2><div class=\"wpr-grid-item-excerpt elementor-repeater-item-4f5d3d6 wpr-grid-item-display-block wpr-grid-item-align-left\"><div class=\"inner-block\"><p>U srijedu, 29. 11. 2023. godine odr\u017eana je premijera filma &quot;Pravda&quot;, povodom \u0161este godi\u0161njice presude Haa\u0161kog tribunala u predmetu \u201cPrli\u0107...<\/p><\/div><\/div><div class=\"wpr-grid-item-read-more elementor-repeater-item-baea24d wpr-grid-item-display-block wpr-grid-item-align-right\"><div class=\"inner-block\"><a target=\"_self\" href=\"https:\/\/herojimostara.ba\/?p=3425\" class=\"wpr-button-effect wpr-button-none\"><span class=\"wpr-grid-extra-icon-left\"><i aria-hidden=\"true\" class=\"far fa-eye\"><\/i><\/span><span>Pregledaj fotogaleriju...<\/span><\/a><\/div><\/div><\/div><\/div><\/article><article class=\"wpr-grid-item elementor-clearfix post-3160 post type-post status-publish format-standard has-post-thumbnail hentry category-fotogalerija\"><div class=\"wpr-grid-item-inner\"><div class=\"wpr-grid-media-wrap wpr-effect-size-medium \" data-overlay-link=\"yes\"><div class=\"wpr-grid-image-wrap\" data-src=\"https:\/\/herojimostara.ba\/wp-content\/uploads\/2023\/12\/naslov-kovaci.jpg\" data-img-on-hover=\"\"  data-src-secondary=\"\"><img decoding=\"async\" data-no-lazy=\"1\" src=\"https:\/\/herojimostara.ba\/wp-content\/uploads\/2023\/12\/naslov-kovaci.jpg\" alt=\"&#8220;Pravda&#8221; i &#8220;Heroji Mostara&#8221; u Sarajevu\" class=\"wpr-anim-timing-ease-default\"><\/div><div class=\"wpr-grid-media-hover wpr-animation-wrap\"><div class=\"wpr-grid-media-hover-bg  wpr-overlay-fade-in wpr-anim-size-large wpr-anim-timing-ease-default wpr-anim-transparency\" data-url=\"https:\/\/herojimostara.ba\/?p=3160\"><\/div><\/div><\/div><div class=\"wpr-grid-item-below-content elementor-clearfix\"><h2 class=\"wpr-grid-item-title elementor-repeater-item-f9f59e5 wpr-grid-item-display-block wpr-grid-item-align-left wpr-pointer-none wpr-pointer-line-fx wpr-pointer-fx-fade\"><div class=\"inner-block\"><a target=\"_self\"  href=\"https:\/\/herojimostara.ba\/?p=3160\">&#8220;Pravda&#8221; i &#8220;Heroji Mostara&#8221; u Sarajevu<\/a><\/div><\/h2><div class=\"wpr-grid-item-excerpt elementor-repeater-item-4f5d3d6 wpr-grid-item-display-block wpr-grid-item-align-left\"><div class=\"inner-block\"><p>U srijedu, 29. 11. 2023. godine odr\u017eana je premijera filma &quot;Pravda&quot;, povodom \u0161este godi\u0161njice presude Haa\u0161kog tribunala u predmetu \u201cPrli\u0107...<\/p><\/div><\/div><div class=\"wpr-grid-item-read-more elementor-repeater-item-baea24d wpr-grid-item-display-block wpr-grid-item-align-right\"><div class=\"inner-block\"><a target=\"_self\" href=\"https:\/\/herojimostara.ba\/?p=3160\" class=\"wpr-button-effect wpr-button-none\"><span class=\"wpr-grid-extra-icon-left\"><i aria-hidden=\"true\" class=\"far fa-eye\"><\/i><\/span><span>Pregledaj fotogaleriju...<\/span><\/a><\/div><\/div><\/div><\/div><\/article><article class=\"wpr-grid-item elementor-clearfix post-2247 post type-post status-publish format-standard has-post-thumbnail hentry category-fotogalerija\"><div class=\"wpr-grid-item-inner\"><div class=\"wpr-grid-media-wrap wpr-effect-size-medium \" data-overlay-link=\"yes\"><div class=\"wpr-grid-image-wrap\" data-src=\"https:\/\/herojimostara.ba\/wp-content\/uploads\/2023\/10\/promo_heroji_05.jpg\" data-img-on-hover=\"\"  data-src-secondary=\"\"><img decoding=\"async\" data-no-lazy=\"1\" src=\"https:\/\/herojimostara.ba\/wp-content\/uploads\/2023\/10\/promo_heroji_05.jpg\" alt=\"Promocija 1. izdanja knjige &#8220;Heroji Mostara&#8221;\" class=\"wpr-anim-timing-ease-default\"><\/div><div class=\"wpr-grid-media-hover wpr-animation-wrap\"><div class=\"wpr-grid-media-hover-bg  wpr-overlay-fade-in wpr-anim-size-large wpr-anim-timing-ease-default wpr-anim-transparency\" data-url=\"https:\/\/herojimostara.ba\/?p=2247\"><\/div><\/div><\/div><div class=\"wpr-grid-item-below-content elementor-clearfix\"><h2 class=\"wpr-grid-item-title elementor-repeater-item-f9f59e5 wpr-grid-item-display-block wpr-grid-item-align-left wpr-pointer-none wpr-pointer-line-fx wpr-pointer-fx-fade\"><div class=\"inner-block\"><a target=\"_self\"  href=\"https:\/\/herojimostara.ba\/?p=2247\">Promocija 1. izdanja knjige &#8220;Heroji Mostara&#8221;<\/a><\/div><\/h2><div class=\"wpr-grid-item-excerpt elementor-repeater-item-4f5d3d6 wpr-grid-item-display-block wpr-grid-item-align-left\"><div class=\"inner-block\"><p>Dana 12. 11. 2022. godine glavna sala Centra za kulturu bila je premala da primi sve zainteresovane za promociju knjige...<\/p><\/div><\/div><div class=\"wpr-grid-item-read-more elementor-repeater-item-baea24d wpr-grid-item-display-block wpr-grid-item-align-right\"><div class=\"inner-block\"><a target=\"_self\" href=\"https:\/\/herojimostara.ba\/?p=2247\" class=\"wpr-button-effect wpr-button-none\"><span class=\"wpr-grid-extra-icon-left\"><i aria-hidden=\"true\" class=\"far fa-eye\"><\/i><\/span><span>Pregledaj fotogaleriju...<\/span><\/a><\/div><\/div><\/div><\/div><\/article><article class=\"wpr-grid-item elementor-clearfix post-2727 post type-post status-publish format-standard has-post-thumbnail hentry category-fotogalerija\"><div class=\"wpr-grid-item-inner\"><div class=\"wpr-grid-media-wrap wpr-effect-size-medium \" data-overlay-link=\"yes\"><div class=\"wpr-grid-image-wrap\" data-src=\"https:\/\/herojimostara.ba\/wp-content\/uploads\/2023\/10\/hujka-istaknuta-1.jpg\" data-img-on-hover=\"\"  data-src-secondary=\"\"><img decoding=\"async\" data-no-lazy=\"1\" src=\"https:\/\/herojimostara.ba\/wp-content\/uploads\/2023\/10\/hujka-istaknuta-1.jpg\" alt=\"Midhad Hujdur &#8211; Hujka\" class=\"wpr-anim-timing-ease-default\"><\/div><div class=\"wpr-grid-media-hover wpr-animation-wrap\"><div class=\"wpr-grid-media-hover-bg  wpr-overlay-fade-in wpr-anim-size-large wpr-anim-timing-ease-default wpr-anim-transparency\" data-url=\"https:\/\/herojimostara.ba\/?p=2727\"><\/div><\/div><\/div><div class=\"wpr-grid-item-below-content elementor-clearfix\"><h2 class=\"wpr-grid-item-title elementor-repeater-item-f9f59e5 wpr-grid-item-display-block wpr-grid-item-align-left wpr-pointer-none wpr-pointer-line-fx wpr-pointer-fx-fade\"><div class=\"inner-block\"><a target=\"_self\"  href=\"https:\/\/herojimostara.ba\/?p=2727\">Midhad Hujdur &#8211; Hujka<\/a><\/div><\/h2><div class=\"wpr-grid-item-excerpt elementor-repeater-item-4f5d3d6 wpr-grid-item-display-block wpr-grid-item-align-left\"><div class=\"inner-block\"><p>Midhad Hujdur \u2013 Hujka ili Mito kako su ga zvali njegovi najbli\u017ei saborci i prijatelji ro\u0111en je 28. decembra 1953....<\/p><\/div><\/div><div class=\"wpr-grid-item-read-more elementor-repeater-item-baea24d wpr-grid-item-display-block wpr-grid-item-align-right\"><div class=\"inner-block\"><a target=\"_self\" href=\"https:\/\/herojimostara.ba\/?p=2727\" class=\"wpr-button-effect wpr-button-none\"><span class=\"wpr-grid-extra-icon-left\"><i aria-hidden=\"true\" class=\"far fa-eye\"><\/i><\/span><span>Pregledaj fotogaleriju...<\/span><\/a><\/div><\/div><\/div><\/div><\/article><article class=\"wpr-grid-item elementor-clearfix post-2840 post type-post status-publish format-standard has-post-thumbnail hentry category-fotogalerija\"><div class=\"wpr-grid-item-inner\"><div class=\"wpr-grid-media-wrap wpr-effect-size-medium \" data-overlay-link=\"yes\"><div class=\"wpr-grid-image-wrap\" data-src=\"https:\/\/herojimostara.ba\/wp-content\/uploads\/2023\/10\/arif-istaknuta.jpg\" data-img-on-hover=\"\"  data-src-secondary=\"\"><img decoding=\"async\" data-no-lazy=\"1\" src=\"https:\/\/herojimostara.ba\/wp-content\/uploads\/2023\/10\/arif-istaknuta.jpg\" alt=\"Arif Pa\u0161ali\u0107\" class=\"wpr-anim-timing-ease-default\"><\/div><div class=\"wpr-grid-media-hover wpr-animation-wrap\"><div class=\"wpr-grid-media-hover-bg  wpr-overlay-fade-in wpr-anim-size-large wpr-anim-timing-ease-default wpr-anim-transparency\" data-url=\"https:\/\/herojimostara.ba\/?p=2840\"><\/div><\/div><\/div><div class=\"wpr-grid-item-below-content elementor-clearfix\"><h2 class=\"wpr-grid-item-title elementor-repeater-item-f9f59e5 wpr-grid-item-display-block wpr-grid-item-align-left wpr-pointer-none wpr-pointer-line-fx wpr-pointer-fx-fade\"><div class=\"inner-block\"><a target=\"_self\"  href=\"https:\/\/herojimostara.ba\/?p=2840\">Arif Pa\u0161ali\u0107<\/a><\/div><\/h2><div class=\"wpr-grid-item-excerpt elementor-repeater-item-4f5d3d6 wpr-grid-item-display-block wpr-grid-item-align-left\"><div class=\"inner-block\"><p>Arif Pa\u0161ali\u0107 je ro\u0111en u mjestu Janji\u0107i. Bio je biv\u0161i aktivni oficir JNA. Zavr\u0161io je Vojnu podoficirsku \u0161kolu, a zatim...<\/p><\/div><\/div><div class=\"wpr-grid-item-read-more elementor-repeater-item-baea24d wpr-grid-item-display-block wpr-grid-item-align-right\"><div class=\"inner-block\"><a target=\"_self\" href=\"https:\/\/herojimostara.ba\/?p=2840\" class=\"wpr-button-effect wpr-button-none\"><span class=\"wpr-grid-extra-icon-left\"><i aria-hidden=\"true\" class=\"far fa-eye\"><\/i><\/span><span>Pregledaj fotogaleriju...<\/span><\/a><\/div><\/div><\/div><\/div><\/article><article class=\"wpr-grid-item elementor-clearfix post-2901 post type-post status-publish format-standard has-post-thumbnail hentry category-fotogalerija\"><div class=\"wpr-grid-item-inner\"><div class=\"wpr-grid-media-wrap wpr-effect-size-medium \" data-overlay-link=\"yes\"><div class=\"wpr-grid-image-wrap\" data-src=\"https:\/\/herojimostara.ba\/wp-content\/uploads\/2023\/10\/urbicid-naslov.jpg\" data-img-on-hover=\"\"  data-src-secondary=\"\"><img decoding=\"async\" data-no-lazy=\"1\" src=\"https:\/\/herojimostara.ba\/wp-content\/uploads\/2023\/10\/urbicid-naslov.jpg\" alt=\"Mostar Urbicid 92-95\" class=\"wpr-anim-timing-ease-default\"><\/div><div class=\"wpr-grid-media-hover wpr-animation-wrap\"><div class=\"wpr-grid-media-hover-bg  wpr-overlay-fade-in wpr-anim-size-large wpr-anim-timing-ease-default wpr-anim-transparency\" data-url=\"https:\/\/herojimostara.ba\/?p=2901\"><\/div><\/div><\/div><div class=\"wpr-grid-item-below-content elementor-clearfix\"><h2 class=\"wpr-grid-item-title elementor-repeater-item-f9f59e5 wpr-grid-item-display-block wpr-grid-item-align-left wpr-pointer-none wpr-pointer-line-fx wpr-pointer-fx-fade\"><div class=\"inner-block\"><a target=\"_self\"  href=\"https:\/\/herojimostara.ba\/?p=2901\">Mostar Urbicid 92-95<\/a><\/div><\/h2><div class=\"wpr-grid-item-excerpt elementor-repeater-item-4f5d3d6 wpr-grid-item-display-block wpr-grid-item-align-left\"><div class=\"inner-block\"><p>Mostar. Poslije Vukovara najrazru\u0161eniji gradu u proteklom ratu na podru\u010dju biv\u0161e dr\u017eave. Sve ono \u0161to nije u\u010dinjeno kroz historiju, u\u010dinili...<\/p><\/div><\/div><div class=\"wpr-grid-item-read-more elementor-repeater-item-baea24d wpr-grid-item-display-block wpr-grid-item-align-right\"><div class=\"inner-block\"><a target=\"_self\" href=\"https:\/\/herojimostara.ba\/?p=2901\" class=\"wpr-button-effect wpr-button-none\"><span class=\"wpr-grid-extra-icon-left\"><i aria-hidden=\"true\" class=\"far fa-eye\"><\/i><\/span><span>Pregledaj fotogaleriju...<\/span><\/a><\/div><\/div><\/div><\/div><\/article><\/section>\t\t\t\t<\/div>\n\t\t\t\t<\/div>\n\t\t\t\t\t<\/div>\n\t\t<\/div>\n\t\t\t\t\t<\/div>\n\t\t<\/section>\n\t\t\t\t<\/div>\n\t\t","protected":false},"excerpt":{"rendered":"<p>All Posts Fotogalerija Promocija 1. izdanja knjige &#8220;Heroji Mostara&#8221; Dana 12. 11. 2022. godine glavna sala Centra za kulturu bila je premala da primi sve zainteresovane za promociju knjige&hellip; Pregledaj fotogaleriju&#8230;<\/p>\n","protected":false},"author":4,"featured_media":0,"parent":0,"menu_order":0,"comment_status":"closed","ping_status":"closed","template":"","meta":{"footnotes":""},"class_list":["post-2292","page","type-page","status-publish","hentry"],"aioseo_notices":[],"_links":{"self":[{"href":"https:\/\/herojimostara.ba\/index.php?rest_route=\/wp\/v2\/pages\/2292","targetHints":{"allow":["GET"]}}],"collection":[{"href":"https:\/\/herojimostara.ba\/index.php?rest_route=\/wp\/v2\/pages"}],"about":[{"href":"https:\/\/herojimostara.ba\/index.php?rest_route=\/wp\/v2\/types\/page"}],"author":[{"embeddable":true,"href":"https:\/\/herojimostara.ba\/index.php?rest_route=\/wp\/v2\/users\/4"}],"replies":[{"embeddable":true,"href":"https:\/\/herojimostara.ba\/index.php?rest_route=%2Fwp%2Fv2%2Fcomments&post=2292"}],"version-history":[{"count":29,"href":"https:\/\/herojimostara.ba\/index.php?rest_route=\/wp\/v2\/pages\/2292\/revisions"}],"predecessor-version":[{"id":2332,"href":"https:\/\/herojimostara.ba\/index.php?rest_route=\/wp\/v2\/pages\/2292\/revisions\/2332"}],"wp:attachment":[{"href":"https:\/\/herojimostara.ba\/index.php?rest_route=%2Fwp%2Fv2%2Fmedia&parent=2292"}],"curies":[{"name":"wp","href":"https:\/\/api.w.org\/{rel}","templated":true}]}}